ose -2*h + g*h - 444 = 0. Is h a composite number?
True
Let o be (5 + -3 - -2) + 4. Let i be -2*(-212)/o*(-23 + 0). Let z = 2138 + i. Is z a prime number?
True
Let c = -57 + 65. Suppose 13 = c*i - 3. Suppose -x = -i*j + 2381, -x - x + 1203 = j. Is j prime?
True
Suppose 3766579 = 532*m - 513*m. Is m a prime number?
True
Let q(i) = -2000*i + 169. Is q(-14) composite?
True
Suppose -4*t + 240 = -3552. Suppose 0 = -2*f + 10, -3*b + 3*f + t = -5406. Suppose 4*v + 717 = -0*n + n, 3*n = 5*v + b. Is n a composite number?
False
Let v = -5763 - -8642. Is v a prime number?
True
Let q(h) = 42 - 83 + 42 - 682*h. Let u(n) = 4*n**2 + 77*n + 18. Let k be u(-19). Is q(k) composite?
False
Let w be (2/((-2)/(-7)))/(34/133790). Suppose 38*o - w = 3*o. Is o a prime number?
True
Let h = 26848 - -80715. Is h composite?
False
Let f(x) = -x**2 - 41*x + 10. Let w be f(-41). Suppose g = -5*k + 1176, w*k - 4 = 6*k. Is g a prime number?
True
Let q = 78 + 2072. Let s = q + 431. Is s prime?
False
Suppose 0 = 19*t - 110426 - 44557. Is t prime?
False
Let n(i) = -28*i**3 + 6*i**2 + 20*i + 1. Let z be (-118)/(-177)*(-9)/2. Is n(z) a composite number?
False
Let p = -1122284 + 2057037. Is p prime?
True
Let q(y) = 3*y**2 + 6*y - 46. Let x be q(-8). Suppose 145 = 4*j + 3*o, -2*j - 28 + x = 4*o. Is j prime?
True
Let z(x) = 3367*x**3 + 2*x**2 + 4*x - 4. Let b be z(2). Suppose 6*c = 5890 + b. Is c a composite number?
True
Let f be (-1)/(-2) - (-130)/52. Suppose y - 814 = -3*y + 2*k, -613 = -f*y + k. Suppose -6*j - y = -8*j. Is j prime?
True
Let p(h) be the third derivative of 0*h - 13*h**2 + 23/12*h**4 + 0 + 19/6*h**3. Is p(10) a prime number?
True
Let d be (95 - 3025)*17/(-5). Suppose 5*a = -4*c + d + 3604, 4*c - 13554 = a. Is c a composite number?
False
Let s(d) = d**3 - d**2 + 5*d - 25. Let v be s(5). Let t = v - 95. Suppose -7*r + 2690 = t*z - 2*r, -4*z + 2*r + 2170 = 0. Is z a prime number?
True
Let t = -16514 + 32071. Is t a prime number?
False
Suppose 577639 = 4*h + 2*m - 12781, 0 = 3*h + m - 442817. Is h composite?
False
Suppose 600*l = 380*l + 9671420. Is l composite?
False
Let w(c) = 229720*c**2 + 1154*c + 1155. Is w(-1) a composite number?
True
Suppose 3*y = 3*u + 590616, -228573 - 362045 = -3*y + 5*u. Is y prime?
True
Let t be ((-10)/(-15))/(1/12*-2). Let x(u) = -890*u + 123. Is x(t) a composite number?
True
Let x = 6 + -4. Suppose 6*c + 747 = 11*c - 363. Suppose -x*a = -2*b - a + 210, c = 2*b + 5*a. Is b a prime number?
False
Let n = -4 + 7. Let p = 624 - 624. Suppose p = -n*z + 2855 + 478. Is z prime?
False
Let w = 1152794 - 653805. Is w a composite number?
False
Let h be ((-2)/3)/((-3)/((-15615)/(-10))). Let m = 712 - h. Let q = -48 + m. Is q prime?
True
Let j = 45465 - -16062. Is j prime?
False
Suppose -53671 = -6*p + 42095. Is p composite?
True
Suppose -y + 2*y - 2*w + 3 = 0, 4*y = 4*w + 8. Suppose 0 = 2*g - 3*g + y*g. Suppose 0 = -5*i - 4*x + 82, 2*i + g*x = 4*x + 16. Is i composite?
True
Suppose 2*h = 2 + 2, h + 16 = -c. Is ((-12303)/c)/((-4)/(-8)) composite?
False
Suppose 53*t - 17263307 = 4*z, 0*t - 3*t + 5*z = -977154. Is t a composite number?
False
Let m(l) = -l**3 + 19*l**2 + 21*l - 17. Let r be m(20). Suppose 2*w + r*w = 0. Suppose w = -4*p - 1754 + 5110. Is p prime?
True
Let b = -15062 - -15049. Let w(o) = -52*o + 15. Let v(d) = -53*d + 14. Let c(z) = -3*v(z) + 4*w(z). Is c(b) a composite number?
True
Suppose -5*b - 370988 + 122319 = -3*l, 12 = -3*b. Is l prime?
True
Let d(a) be the first derivative of 4*a**3 - 13*a**2/2 - 10*a - 131. Is d(-7) composite?
True
Suppose -119 = -s + 2*x, -s + 3*x + 466 = 3*s. Let l = s - 112. Suppose -10639 - 13914 = -2*d - l*i, 0 = d - i - 12264. Is d a composite number?
False
Let k be 2/(-3) - ((-745)/15 - -6). Let q = -67 + k. Is (12/q + 376/1)*2 a composite number?
False
Let b(q) = -754*q + 23. Let f be b(11). Let l = f - -14545. Is l a composite number?
True
Is (-22 - (1 - 19))*(259774/8)/(-1) a composite number?
False
Suppose 0 = h + 3*h - 93068. Is h prime?
False
Let r be 30440 - (3/(-3))/((-4)/(-4)). Suppose -4*l + 6755 = -r. Suppose 2*u = -5*v - 0*u + l, -4*v = 4*u - 7432. Is v a prime number?
True
Let p = -11296 - -7982. Is p/((-4)/(6/3)) a prime number?
True
Let w be (-25)/((-5 - -2) + 2). Suppose 0 = w*b - 19*b. Suppose b = -16*z + 20*z - 6772. Is z prime?
True
Let z = -44391 - -163582. Is z prime?
True
Suppose 2*r + 522751 + 1846880 = 3*a, -r = 2*a - 1579754. Is a prime?
False
Let k = -200 + 248. Suppose -61*f + 8203 = -k*f. Is f prime?
True
Is (-6)/(-11) - 136213175/(-385) prime?
False
Suppose 4*x = 5*x - 3*w - 1562, 0 = 5*x + 4*w - 7791. Let f = x + -979. Let s = f - 371. Is s prime?
False
Suppose a - 2*s - 45 = 0, -s - 147 - 69 = -5*a. Let x = 35 - a. Is x/24 - 2640/(-9) prime?
True
Suppose 2*f + 14 = 4*w, -4*f + 6*f + 10 = 2*w. Suppose -4*m + 3612 = -0*m + 4*r, -2*r = -w*m + 1822. Is m composite?
False
Is 5 - 6 - 2262728/(-26) prime?
False
Suppose -w + 847956 - 31019 = 4*b, 4*w = 2*b - 408446. Is b composite?
False
Suppose -120802 = -28*a + 3984082. Is a composite?
False
Let s(v) = 113 + 32*v**3 - 18*v**2 - 31*v**3 + 22*v - 87. Is s(18) composite?
True
Let r be (2 + 24/(-10))*(-3 - 7). Is (0 - (r + 0))*107578/(-152) composite?
True
Let x = -1728 + -18520. Is (x/(-12))/(-2)*-3 a composite number?
False
Suppose -257*o + 24255 = -254*o. Suppose -h - 5*a + 10*a = -1643, -a + o = 5*h. Is h composite?
True
Suppose -5*o - 5*c + 30 = 0, 24 = -o + 3*o - c. Suppose 5*j = 3*a - 2326, -8*a + o*a - 1509 = -5*j. Is a prime?
False
Suppose -5*v - 2659 = -v - 3*u, 5*v + 3316 = -4*u. Let w = v - -1598. Let c = -465 + w. Is c a composite number?
True
Let m = 940 + 37651. Suppose 23*v + m = 30*v. Is v a composite number?
True
Let d(m) = -m**3 + 43*m**2 - 30*m + 17. Suppose -5*t + 3*q = 81, 0 = 3*t - 0*q - 2*q + 49. Is d(t) a prime number?
False
Let l(m) be the third derivative of -m**6/40 - 7*m**5/30 + m**4/24 + 77*m**3/6 - m**2 - 29*m. Is l(-9) composite?
True
Suppose 5*k + 5*s + 15 = 0, -63*k + 64*k = 3*s + 1. Is (-6970)/(-3 + k) - -5 composite?
False
Suppose 486*c + 9467602 - 57380884 = 0. Is c prime?
False
Let l be (-10480)/18 + (-4 - 418/(-99)). Let i = l - -1021. Is i composite?
False
Is 85/(-17) + 16 + 35578 composite?
True
Let q = 49946 + 328176. Is q composite?
True
Suppose -t = 5*y - 3, 27*t - 29*t = -9*y + 32. Let d(b) be the third derivative of 89*b**6/30 + b**5/15 - b**4/8 - b**3/2 - b**2. Is d(y) a composite number?
True
Suppose -5*h - 4 = -6*h, -3*l - h + 26218 = 0. Suppose -l = -9*s + 3079. Is s a prime number?
False
Suppose 2 + 8 = 5*s, -u + 3 = -3*s. Suppose 5*n = 4*p - 10537, -p = 8*n - u*n - 2634. Is p a prime number?
True
Let x be 1/1 - -1 - 72. Let s = x + 72. Suppose -4*v - 3*g = -1813 - 1222, 0 = -4*v - s*g + 3034. Is v a composite number?
True
Is (129161/3)/(529/1587) a composite number?
True
Is (-96120304)/(-84)*42/56 a prime number?
True
Suppose 92 = 6*c + 17*c. Suppose -16201 = c*d - 43797. Is d a composite number?
False
Let t(p) be the second derivative of -p**5/60 - 5*p**4/6 - 5*p**3/6 + 15*p**2 - 22*p. Let c(h) be the first derivative of t(h). Is c(-6) a composite number?
False
Let f = -66181 + 380910. Is f prime?
False
Suppose 3*c - 171 - 54 = 0. Suppose -11*v + 15*v - 4 = 0, 4*n - v - c = 0. Is n prime?
True
Let b be (-92704)/(-40) - (14/(-10) - -1). Let i = -7451 - -10746. Let j = i - b. Is j prime?
True
Suppose 7*x + x = x + 6093731. Is x a prime number?
True
Suppose -26*n - 8452801 = -57*n. Is n prime?
False
Let j(f) = -f**2 - 19*f - 27. Let l be j(-16). Suppose 2*k + d = -2*d - l, 2*d = 2*k + 16. Is ((-4107)/k)/((-2)/(-6)) prime?
False
Suppose 0 = -26*h + 30*h - 12. Let z(s) = 38*s**h - 11*s - 5 - 74*s**3 + 34*s**3 - 10*s**2. Is z(-6) a prime number?
False
Suppose -6*k - 13*k = 101593. Let q = -3120 - k. Is q prime?
False
Let m = 84 + -79. Let y(p) = -m - 5 + 10 + 629*p + 2. Is y(1) a prime number?
True
Suppose -5*g + 32657 = -3*z, -7*g - 4*z = -3*g - 26132. Let u = 18933 - g. Is u a prime number?
True
Let s(d) = 28*d**2 + 2*d + 13. Let h be s(-6). Suppose -7*q + 8*q = h. Is q a composite number?
False
Suppose -14*a = -23*a + 54. Let c(b) = 27*b**3 - 9*b**2 + 20*b + 3. Is c(a) a prime number?
False
Suppose 8 = 2*y, -4*i + y + 42 = -70. Suppose 1575 = -27*s - 10441 - 4994. Let r = i - s. Is r 